83 is divided by d?
11
Let z = -235 + 245. What is the remainder when 459 is divided by z?
9
Suppose 2*d + 3*u = 30, -3*u + 66 = 2*d + 3*d. What is the remainder when (-297)/(-5) + (-8)/20 + 0 is divided by d?
11
Let u(p) = -p**3 + 7*p**2 + 17*p + 36. Let m be u(9). Let d = -23 + 10. Let i = d + m. Calculate the remainder when 53 is divided by i.
11
Let x(z) = z + 6. Let w be x(-4). Suppose g - 6 = -w. Suppose 3*q - 82 = -g. Calculate the remainder when q is divided by 14.
12
Let c(h) = 2*h**2 + 59*h + 448. Calculate the remainder when 95 is divided by c(-15).
4
Let p = 209 - 182. Calculate the remainder when 188 is divided by p.
26
Let c be 1/9*-3*-48. Let b = -4 + c. What is the remainder when b is divided by 7?
5
Let b = -768 - -793. Calculate the remainder when 197 is divided by b.
22
Calculate the remainder when (-567)/(-3)*(-9)/(-27) is divided by 7.
0
Suppose 16*z - 20*z = -12. Let o = -17 + 33. Calculate the remainder when z*16/12 - -57 is divided by o.
13
Let y = 262 + -203. What is the remainder when y is divided by 17?
8
Suppose 0 = 3*p - 3622 + 3505. What is the remainder when p is divided by 1 - (0 - 0) - -9?
9
Let s(j) = 5*j**2 + 6*j + 17. Calculate the remainder when 124 is divided by s(-2).
24
Suppose -3*c = 2*j - 65, 0*j + 5*j + 25 = 0. Let l = 47 + -39. Let z = l + -1. Calculate the remainder when c is divided by z.
4
Let f = 230 - 199. Calculate the remainder when 32 is divided by f.
1
Suppose -4*a - 29 = -13. Calculate the remainder when 39 is divided by -1*6/a*14.
18
Let p(v) = 32*v**2 - 14*v + 30. Calculate the remainder when p(2) is divided by 46.
38
Let p = -1638 + 1720. What is the remainder when p is divided by 22?
16
Let i(g) = g**3 - 5*g**2 + 4*g - 3. Let s(j) = j - 1. Let q(f) = i(f) + 3*s(f). What is the remainder when 11 is divided by q(4)?
5
Let b be (6/(-4))/((-2)/4). Suppose -b*z + 42 = -6. Calculate the remainder when z is divided by 10.
6
Let m(i) be the first derivative of -i**2/2 + 17*i - 6. Calculate the remainder when 27 is divided by m(10).
6
Let w(b) = -b**2 - 21*b + 29. Let k(r) = r**2 + 20*r - 29. Let h(u) = -6*k(u) - 5*w(u). Calculate the remainder when 24 is divided by h(-16).
11
Let q(p) = p**3 - 23*p**2 + 4*p - 86. What is the remainder when 2/(-5) + 324/10 is divided by q(23)?
2
Suppose 5*o + 326 = 4*u - 478, 0 = -4*u - o + 828. Suppose 0*w + 3*w - 3*k = 9, 5*w = 4*k + 19. What is the remainder when 60/(-80) + u/8 is divided by w?
4
Let l(y) = 5*y**2 - 4*y - 2. Let b be l(2). Suppose -5*v - 10 = -b*v. Calculate the remainder when 16 is divided by 15*v/(-6)*-2.
6
Let s(n) = -6*n. Let r = -21 + 23. Let a(z) = 16*z + 2. Calculate the remainder when a(r) is divided by s(-2).
10
Let n(y) = -7*y**3 - y**2 - 4*y - 4. Calculate the remainder when 335 is divided by n(-2).
55
Suppose -6 = -3*n, -2*i + 982*n - 981*n = -48. Suppose m = s - 3*m + 1, -5*m - 40 = -4*s. Calculate the remainder when i is divided by s.
10
Suppose 0 = -3*z - 4*v + 58 + 31, -2*v - 104 = -4*z. Suppose -8*x = -z*x + 4712. What is the remainder when x is divided by 50?
48
Let u = 717 - 630. Calculate the remainder when 344 is divided by u.
83
Let c = 3064 - 3050. Let p = -9 + 17. Calculate the remainder when c is divided by p.
6
Suppose o - 6 = 6. Calculate the remainder when 186/4 + o/(-8) is divided by 3/(-12) + 195/12.
13
Let p = 67 + -72. Let x(v) = -2*v**3 - 3*v**2 + 7*v + 2. What is the remainder when x(p) is divided by 24?
22
Let a(w) = -w**3 + 2*w**2. Let h be a(2). Suppose 5*k - 8*m = -3*m + 225, h = -2*k - m + 102. What is the remainder when k is divided by 26?
23
Let x = 0 - -29. Suppose 3*t - 20 = u, 6*t - x = 2*t - u. What is the remainder when t is divided by -7 - (-2)/(-5)*-25?
1
Suppose 2*r - d - 3*d = 50, 2*r - 55 = 5*d. Suppose -4*n + 6 = -50. What is the remainder when n is divided by ((-4)/(-12))/(1/r)?
4
Suppose 4*y + 2*b = 20 + 174, -193 = -4*y - b. Suppose 0 = -4*c + c + 84. Let n = 45 - c. What is the remainder when y is divided by n?
14
Let f(v) = v**3 - v**2 - 2*v - 6. Let t(z) = -z**3 - 95*z**2 - 90*z + 405. What is the remainder when f(5) is divided by t(-94)?
26
Suppose h + 0*p = 3*p + 357, p + 1799 = 5*h. Calculate the remainder when h is divided by 7.
3
Suppose 8 = -4*r, 0*l = 2*l - 2*r - 14. Suppose 7*j - l*j = 2. Let o(z) = 24*z**3 - z**2 + z - 1. What is the remainder when o(j) is divided by 12?
11
Suppose -3*p + 150 = 3*m, 200 = 2*p + 2*p + 2*m. Calculate the remainder when 109 is divided by p.
9
Let b = 139 - 66. Let m(o) = o + 10. Let q be m(-5). Suppose -4*t - 2*y + 39 = -45, -q*t = -5*y - 75. Calculate the remainder when b is divided by t.
16
Let l be (4 + -1 - 0)/(45/(-30)). Let j = l - -12. What is the remainder when j is divided by 4?
2
Let s be ((3 - 3)/(-4))/4. Suppose -k - 16 + 167 = s. What is the remainder when k is divided by 19?
18
Suppose -3*y = -4*y + 4. Suppose -y*b - 5*g = -2*b - 27, 0 = -5*g - 25. Let h = b - 11. What is the remainder when 57 is divided by h?
12
Suppose -5*m = p - 2*p - 116, -3*m + p = -68. Calculate the remainder when 133 is divided by (-2)/2*(-3 - m).
25
Let g be (-7 - -1 - -1)*-38. Let i(b) = -11*b**3 - b**2 + 2*b + 1. Let s be i(-3). Let o = s - g. Calculate the remainder when o is divided by 24.
21
Let q(z) = -2*z - 12. Let g(l) = -l**2 + 10*l - 6. Let k be g(8). Let v be (-2)/k - (-88)/(-10). What is the remainder when q(v) is divided by 2?
0
Suppose -a + 6 + 6 = 0. Suppose -4*x = -53 - 27. What is the remainder when x is divided by a?
8
Suppose -30*n + 9635 = -1675. Calculate the remainder when n is divided by 183.
11
Let u = 1050 - 1040. Calculate the remainder when (-2)/9 + 868/18 is divided by u.
8
Suppose -10*m = -6*m - 8. What is the remainder when 30 is divided by 24/48 - ((-21)/m + 0)?
8
Let v(o) = -o**3 - o**2 + 3*o + 173. What is the remainder when v(0) is divided by 22?
19
Let i be ((-1)/(-2))/((-3)/252). Let h be (54/(-7))/(i/196). What is the remainder when 47 is divided by (h/(-10))/((-21)/70)?
11
Let r(h) = 6*h**3 + h - 2. Let w be r(1). Calculate the remainder when 0 + 3 - (-200)/w is divided by 11.
10
Suppose -l = -2 + 3, 3*g - 4 = l. Let s = -7 - -31. What is the remainder when s is divided by ((-5)/3)/(g/(-3))?
4
Suppose -15*x + 195 = -10*x + 5*p, 0 = 5*p - 15. What is the remainder when 753 is divided by x?
33
Suppose -4*h = -2*q - 34, h = q + 3 + 6. What is the remainder when 138 is divided by h?
2
Suppose 0 = -4*g - 0*k + k - 43, 0 = -g - 3*k - 14. What is the remainder when 5 is divided by (-64)/(-12)*(-2 - g/4)?
1
Suppose 0 = -2*b + 12 + 174. Let w = -46 + b. What is the remainder when w is divided by 12?
11
Let p = 27 - 0. Suppose 2*h = -2*i - 2*h + 18, i - 4*h = 33. Calculate the remainder when p is divided by i.
10
Let d = 27 + -21. Let i = -8 + d. What is the remainder when 34 is divided by (-1)/((-4)/(-72)*i)?
7
Let z(m) = m**2 - 3*m - 18. Let y be z(6). Suppose s + 5*r - 29 = y, 0*s + 5*s + 4*r - 145 = 0. Calculate the remainder when 54 is divided by s.
25
Let u = 20 + -13. Suppose 0 = -c + 21 - u. Suppose -3*j + 3*w = -6, j = -4*w - w + c. What is the remainder when 10 is divided by j?
2
Suppose 2*k + 165 = 587. What is the remainder when k is divided by 9?
4
Suppose -3*g - 198 = -3*u, -5*g = -4*u + 7*u - 214. Let c = -61 + u. Calculate the remainder when c is divided by 4.
3
Suppose -3*g + 5*m - 20 = -8*g, 26 = 5*g + 3*m. Suppose -23 = -a - 2*y, 7*a - 56 = 3*a + y. Suppose -x + a = 2*x. What is the remainder when g is divided by x?
2
Let t(o) = -o**3 - 10*o**2 + 24*o + 18. Calculate the remainder when 89 is divided by t(-12).
17
Calculate the remainder when (-40)/(-12) + 2870/21 is divided by 41.
17
Suppose 0 = -4*o - 4*p + 20, -3*p + 1 = -o - 3*o. Suppose -2*c - o*r + 106 = 3*c, 4*r = -4*c + 92. Calculate the remainder when 47 is divided by c.
7
Suppose -3*j + 2*j + 63 = 0. Calculate the remainder when j is divided by 0*(-4)/(-16) - (-21 + 5).
15
Let s = -12 - -14. Suppose -q = -a - 85, s*a + 0 = 8. What is the remainder when q is divided by 15?
14
Suppose -3 = -3*q - 0*q. Let d be q - -2 - 1*-4. Let r = d + -3. Calculate the remainder when 4 is divided by r.
0
Suppose -32*q + 2*q = -36180. What is the remainder when q is divided by 110?
106
Suppose -2 = -2*y, -2*z + 3*y = 2 - 7. Calculate the remainder when 9 is divided 